= -4 - -7. Determine g(a).
10
Let m(r) be the first derivative of r**3/3 - r**2 - 6*r - 7. What is m(5)?
9
Suppose -3 = -4*i + 9. Suppose i*l = -0*l + 12. Suppose 2 = -l*k + 10. Let s(x) = x**2 + 1. What is s(k)?
5
Let p(q) = -2*q**3 + 2*q - 1. Let j(g) = -5*g + 6. Let m be j(1). What is p(m)?
-1
Let p(b) = b - 9. Let f be (-6*6/(-45))/((-1)/(-5)). Calculate p(f).
-5
Let o(p) = -p + p**2 + 4*p - 3 + 0*p**2. Let h = 6 - 14. Let f be (-6)/h*(-5 + 1). What is o(f)?
-3
Suppose -g - 1 = -a + 1, 0 = 4*a + 4*g + 32. Let u(f) = 6*f + 2*f - 16*f + 6*f. Determine u(a).
6
Let z(u) = -2*u**3 + u + 1. Let j be (1 + -3 + 1)*0. Suppose -4*f + 16 + 4 = j. Suppose -5*h - 3*l - 3 = -l, -4*h = -f*l + 9. Determine z(h).
2
Let o(f) be the first derivative of f**4/4 + 10*f**3/3 - 3*f + 15. Give o(-10).
-3
Let z(l) be the second derivative of -l - 1/20*l**5 + l**2 + 5/12*l**4 + 5/6*l**3 + 0. Let h be z(6). Let j(x) = -x - 3. Calculate j(h).
1
Let t(r) = r**2 + 2*r - 1. Suppose 0 = 5*d + 1 + 14. Determine t(d).
2
Suppose -m + 2*b = 4*b, 0 = 2*m + b - 6. Let f(h) be the first derivative of -1/4*h**m + 2*h**2 - 5*h + 4/3*h**3 + 3. Determine f(5).
-10
Suppose -5*x + 27 = -2*x - 3*d, 16 = -4*d. Let c(s) = 10*s**2 + 12*s + 6. Let o(l) = 8*l**2 + 11*l + 6. Let a(w) = 5*c(w) - 6*o(w). Determine a(x).
14
Let p(a) = 4*a**3 + 2*a**2 - 2*a + 3. Let y(g) = -3*g**3 - g**2 + g - 3. Let l(m) = 2*p(m) + 3*y(m). Let f be 5 + -2*15/6. Determine l(f).
-3
Let d(z) = z**3 - 6*z**2 - 2. Suppose -y + 0 = 2*g - 14, -3*y + 7 = -g. Suppose -14 = g*p - 34. Suppose -14 = -5*c + 4*h, p*c - 4*h - 8 = -0*c. Give d(c).
-2
Let y(f) = -2*f + 3. Let w(b) = -3*b + 3. Let p(n) = 3*w(n) - 4*y(n). Let u be p(-4). Let o(t) = -6*t**3 + 53 + t**3 - 2*t**2 - 52. Give o(u).
-6
Suppose 2*q - r = 13, -4*q - q - 5 = 5*r. Suppose q*w = 5*w - 2. Let h(m) = -4*m**2 + 2*m - 1. What is h(w)?
-13
Suppose 5*l + 10 = 5*d, d = 2*d. Let t(o) be the first derivative of o**4/2 + o**3/3 + 7. Determine t(l).
-12
Let y(h) be the first derivative of -h**2/2 - 12*h + 10. Give y(0).
-12
Let m(f) = -3*f + 1 + 4*f + 5*f**2 + 6*f - f**3 - 6. Give m(6).
1
Suppose 0 = -4*z - 10 - 6. Let o be z/(-16) - 75/12. Let l(m) = m**3 + 7*m**2 + 6*m + 2. Calculate l(o).
2
Let q(g) be the second derivative of g**5/60 - g**4/24 + g**3/3 + g**2 + g. Let a(z) be the first derivative of q(z). Let u = -50 - -52. Calculate a(u).
4
Let q(b) = b**2 + 7*b - 3. Let f = -23 - -15. Give q(f).
5
Let f(t) be the third derivative of -t**4/24 + 7*t**3/6 - 2*t**2. Suppose 0 = -3*h + 3, -2*p + 3*h + 4 = -1. What is f(p)?
3
Let x(h) = -h**2 - 14*h + 16. Let b be x(-15). Let m be 2*((-10)/4)/b. Let t(s) = s**2 + 4*s - 2. What is t(m)?
3
Suppose 13 = -3*b + 22. Let w(u) be the third derivative of 0*u + u**2 + 1/2*u**3 - 1/4*u**4 + 1/60*u**5 + 0. Calculate w(b).
-6
Let o(t) = 4 - 6 - t + 7. Determine o(4).
1
Suppose 2*g - 8 = -c, 0 = -3*g - 3*c - c + 7. Suppose 3 = -2*i + g. Let a(u) = u + 1. Let p(q) = 7*q**2 + 4*q + 3. Let d(r) = -4*a(r) + p(r). Determine d(i).
6
Suppose q = 4*h - 0 + 21, -2*q + 2 = 0. Let f(c) = -c**3 - 4*c**2 + 6*c. Calculate f(h).
-5
Let q(y) be the second derivative of y**5/20 - 5*y**4/12 - 4*y**3/3 + y**2/2 - 3*y + 5. Give q(6).
-11
Let i = 1 - -1. Let o(j) = 5*j + j**2 - i - 2*j**2 + 0*j**2. Determine o(5).
-2
Suppose -6 + 1 = c. Let a be (-6)/39 - 189/39. Let d(m) = 3*m - 1. Let v(y) = -2*y + 1. Let k(l) = a*v(l) - 4*d(l). Calculate k(c).
9
Let y(p) = p**2 + 4*p + 4. Let u be y(-4). Suppose -l = 2*h + 13, -u*l - 3*h = -0*h + 27. Let w(x) = -5*x - 4. Give w(l).
11
Let i(k) = k**3 - 2*k**2 + 3*k - 3. Let s be i(2). Let m(x) = -4 + x + x**2 + s - 4*x. Calculate m(-2).
9
Let w(b) = 3*b - 6. Let o be w(3). Let u(c) = 3*c - c - 4*c + o*c - 1. Calculate u(-6).
-7
Let c(i) = -7*i - 5. Let b be c(-1). Let y(d) = 0 + d**2 - 2 + 0 - d. Give y(b).
0
Let j(s) be the first derivative of -3*s**2/2 - 5*s + 2. Suppose -4*z - 5*q - 41 = 0, 0 = -0*z - 2*z - 4*q - 28. Calculate j(z).
7
Let r(p) be the third derivative of -p**4/24 + p**3/6 - p**2. Calculate r(-4).
5
Let t(j) = j**3 + 5*j**2 - 2*j - 7. Let d be t(-5). Let v(m) = -4*m + 2 + 0 + m**2 + d. Let l = -11 - -15. Give v(l).
5
Let o(d) be the third derivative of 0 + 0*d - 1/3*d**3 - 3*d**2 + 1/12*d**4. Let u be o(2). Let c(q) = q**3 - 3*q**2 + 3*q. Give c(u).
2
Suppose -7*d + 3*d + 11 = 3*q, 0 = 5*d - 25. Let h(s) be the third derivative of -s**5/60 - s**4/6 - s**3/6 - s**2. Determine h(q).
2
Let q(w) = 4*w - 3. Let p be q(2). Suppose -3*f = -8*f - p. Let i(z) = 2*z - 8. Let t(j) = j + 1. Let u(h) = f*t(h) + i(h). Give u(0).
-9
Suppose s = 1 + 1. Let b(q) = -q - 1 - q**s + 2*q + 4*q. Suppose w - 12 = -2*w. Determine b(w).
3
Let y(r) = 11*r - 6 - 8*r - 9*r - r**2. Calculate y(-5).
-1
Let v(y) be the third derivative of -y**6/360 - y**5/30 + y**4/24 + 2*y**3/3 - 4*y**2. Let l(n) be the first derivative of v(n). Determine l(-2).
5
Let h(t) be the third derivative of t**7/5040 + 7*t**6/720 - t**5/60 - t**2. Let b(d) be the third derivative of h(d). What is b(-5)?
2
Let f(s) be the second derivative of -s**5/20 + s**4/6 + s. Let g(x) be the first derivative of -x**2/2 - 4*x + 2. Let w be g(-6). Give f(w).
0
Let u(g) = g**3 - g**2 - g - 2. Let w(d) = -d + 10. Let o be w(8). What is u(o)?
0
Suppose -5*l + 3*w = -6, w - 9 = -l - w. Let u(j) be the first derivative of 1/4*j**4 + 0*j**2 - 1/3*j**l + j + 1. Calculate u(2).
5
Suppose 3 = u - 3. Let f(k) = k**2 - 6*k - 5. Determine f(u).
-5
Let y = -5 + 5. Let o(u) = u**2 - 7*u - 6. Let r be o(8). Let q(l) = -l - 2 - 2 + 0*l + r*l. Determine q(y).
-4
Let q = -7 + 11. Let h(c) be the third derivative of 1/24*c**4 + 0*c + 2*c**2 - 5/6*c**3 + 0. Give h(q).
-1
Let f(l) = l**2 + 5*l - 6. Let t be (-19)/4 - (-2)/(-8). Give f(t).
-6
Let g(n) = -2*n - 3. Let v(y) = -y. Let t be v(-4). Suppose -5*k = -t*k. Let m = -3 - k. Give g(m).
3
Let k(j) = -9 + 10*j + 2 - 7*j. What is k(6)?
11
Let l be (-2)/6*-3 + 1. Suppose 1 = g - l. Let b = -7 + g. Let k(t) = -t**2 - 5*t + 3. What is k(b)?
7
Let r(d) be the third derivative of d**5/12 - d**4/6 + 3*d**3/2 - d**2. Let t(a) = -6*a**2 + 3*a - 9. Let h(w) = -5*r(w) - 4*t(w). Determine h(6).
3
Let s(f) = -f**3 - 6 + 6*f - 2*f - 3*f - f**2. Give s(0).
-6
Let o(n) = -3*n**2 + 15*n + 7. Let p(q) = -5*q**2 + 23*q + 11. Let a(j) = 8*o(j) - 5*p(j). Determine a(-3).
-5
Let d be 31/11 + -3 + (-124)/44. Let w(q) = q**2 - 4*q - 4. Calculate w(d).
17
Let j(l) = -l**2 + 6*l - 5. Let f(o) = -o**3 + o. Let d be f(1). Suppose 3*q + 2 - 17 = d. Let u be j(q). Let r(k) = k**2 + k - 6. Calculate r(u).
-6
Let x be (-10)/(-4)*(-8)/10. Let a be (-1)/(-3)*(0 + 0). Let l(o) = -o**2 + a*o**2 + 0*o**2 - 3*o + o**3 - 1. What is l(x)?
-7
Let g(v) = -71*v**3 + 34*v**3 + 36*v**3 + 4 + 3*v**2 - 4*v. Give g(3).
-8
Suppose 3*i + 0*i + 11 = -5*u, 0 = i + 2. Let s(w) = 2 + 2*w + 3 + 9*w**2 - 4. Calculate s(u).
8
Suppose -5*v - 20 = 0, -3*i - 3*v = -2*i + 12. Let s(m) be the third derivative of 1/24*m**4 + 0*m**3 + 0*m + 0 + m**2. Give s(i).
0
Let d(h) = h + 2. Let a be d(1). Let j(x) = -x**2 - 4*x + 3. Determine j(a).
-18
Let d(f) = 4*f**3 + f**3 + 4 - 4*f**3 + 3*f - 6*f**2 - 12. Determine d(6).
10
Let y(t) = -t - 1. Let b(w) = -2*w + 5. Let k(s) = b(s) - 5*y(s). Determine k(-7).
-11
Let z(f) = -f**3 - 20*f**2 - 37*f - 19. Let n be z(-18). Let h(k) = 7*k**3 + 1. Calculate h(n).
-6
Suppose 4*f = -0*f + 2*r, 4*f + 5*r = 0. Suppose -4*k = -f*k - 60. Suppose -5*n = -0*n + k. Let q(g) = 2*g**2 + 3*g - 4. What is q(n)?
5
Let k(y) = y**3 + 12*y**2 + 13*y - 9. Let w(a) = 4*a**3 + 37*a**2 + 39*a - 27. Let v(j) = 7*k(j) - 2*w(j). What is v(11)?
13
Let o be (-2)/2 - 0/(-2). Let z(x) = x**2 - 1. Let d(f) = -3*f**2 - f + 6. Let i(r) = o*d(r) - 2*z(r). Let u be 2/1 - (-24)/(-12). What is i(u)?
-4
Let y(k) = 2*k - 7. Let u be y(7). Suppose -u*q + 6*q + 5 = 0. Let m(f) be the third derivative of -f**4/12 + f**3 + 2*f**2. What is m(q)?
-4
Let r(b) = 5*b**2 - 3*b**3 - 2*b + b**3 + 3*b**3 + 8 - 6. Determine r(-5).
12
Suppose 0 = 2*r - 0 + 6. Let w(d) = d**3 + 3*d**2 - 2*d - 3. Let a be w(-3). Let g(v) = v**2 + 7*v + 8 - 1 - a. What is g(r)?
-8
Let v(k) = 2*k + 1. Suppose 40 = 5*f + 5*x, -f + 0*f = 4*x - 8. Suppose -4*n + 12 = -4*c - f, 5*c + 3*n + 57 = 0. Let b be c/3 - 2/2. What is v(b)?
